 remainder when 119 is divided by (80/28)/((-14)/(-147)).
29
Suppose -2 = -5*o + 4*o. Suppose o*c + 3 = 3*s - 18, 5*s - c = 42. Calculate the remainder when 24 is divided by s.
6
Let y(u) = -4*u + 9. Suppose 10*v + 36 = v. Calculate the remainder when 47 is divided by y(v).
22
Let v = -30 - -52. Let u = v + -21. What is the remainder when 136 + (u + 1)/(-1) is divided by 34?
32
Let a(m) be the second derivative of -7/2*m**2 + 2*m - 1/12*m**4 + 0 + 8/3*m**3. What is the remainder when a(8) is divided by 20?
17
Suppose -5*x - 2*h + 95 + 15 = 0, 2*h - 22 = -x. Suppose 2*c = 5*d + 65 - 20, -57 = -3*c + 4*d. Calculate the remainder when (-256)/(-6) - 10/c is divided by x.
20
Let y(p) = p**2 - 2*p + 272. Suppose 7*n - 3*n - 220 = 0. What is the remainder when y(0) is divided by n?
52
Let o(s) = 5*s - 31. What is the remainder when 67 is divided by o(9)?
11
Suppose -111 + 491 = 20*z. Calculate the remainder when 41 is divided by z.
3
Let a(o) = 7*o**2 - 49*o - 283. Calculate the remainder when a(-16) is divided by 153.
151
Let u = 33 + -10. Let y be (8/6)/((-8)/(-60)). Let c = u - y. What is the remainder when 38 is divided by c?
12
Let i(g) = g**2 + 7*g + 21. Let f = 2 + -1. What is the remainder when -8*(153/(-12))/f is divided by i(-7)?
18
Let k(l) = 8*l + 4. Let i(y) = 23*y + 11. Let x(z) = -3*i(z) + 8*k(z). Calculate the remainder when 35 is divided by x(-4).
16
Suppose z = -2*y, -y = 5*z - 3*y. Suppose -2*x - 3*x = z. Suppose -j + x*j + 20 = 0. Calculate the remainder when j is divided by 11.
9
Let m = 89 - 91. Let f(x) = 18*x - 7. Let s(g) = 35*g - 15. Let k(j) = -9*f(j) + 4*s(j). Calculate the remainder when k(m) is divided by 16.
15
Suppose 101 = 5*d + z, 0*z + z = 2*d - 46. Calculate the remainder when 91 is divided by d.
7
Let r = -51 + 77. Suppose -3*s + 58 = -5*q, r = 3*s - q - 12. What is the remainder when 74 is divided by s?
8
Let y(a) = a**2 + 16*a - 45. What is the remainder when 24 is divided by y(-19)?
0
Let j = 9 + 3. Suppose -3*t = 3*z - 0*t - 9, 4*t + 18 = 2*z. Suppose 7*v - z*v - 70 = 0. What is the remainder when v is divided by j?
11
Let q = 27 + -14. Let r(y) = y + 8. Calculate the remainder when 62 is divided by r(q).
20
Let d(h) = -h**2 + 5*h - 2. Let l be d(2). Let v = l - -134. What is the remainder when v is divided by 28?
26
Let o(y) = -y**3 - 11*y**2 + 26*y + 10. Let l(s) = 2*s**3 + 3. Let h be l(-2). Calculate the remainder when 38 is divided by o(h).
8
Let s be 3/9*(-9 + 24). Calculate the remainder when 208/s - 3/5 is divided by 21.
20
Let n = -289 - -290. Suppose -c - 1 = f, -1 = f + 4*f + 3*c. Calculate the remainder when n is divided by f.
0
Suppose 4*q = -5*r - 0*r + 1708, 5*q - 329 = -r. Suppose r = 4*b + 4*i, -4*b + 0*i + 314 = -2*i. What is the remainder when b is divided by 42?
39
Suppose 4*l - 242 = -6. What is the remainder when 121 is divided by l?
3
Let q(t) be the third derivative of t**6/120 - 13*t**5/60 + 17*t**4/24 + 7*t**3/6 - 2*t**2. Calculate the remainder when q(12) is divided by (-34)/4*(-1 + -1).
16
Calculate the remainder when 30 is divided by ((-774)/180 + (-6)/5)*-2.
8
Let c(f) = -f**3 + 7*f**2 + 10*f + 4. What is the remainder when -3 - (-43 + (-3 - -4) - 0) is divided by c(8)?
19
Let g be 3/(-6)*8 - -4. Suppose 6*s - 5*s - 27 = g. What is the remainder when 80 is divided by s?
26
Let y = 13 - 18. Let k(g) = -1 - 2*g - 2 - 4*g. Calculate the remainder when k(y) is divided by 15.
12
Let r(u) = u - 3. Let c be r(6). Suppose 0*d - c*d = -36. Suppose 5*a - 3 = 32. What is the remainder when d is divided by a?
5
Let o(h) = -2*h + h + 2*h - 65 + h**2 - 3. Let p be o(0). Let c = -27 - p. What is the remainder when c is divided by 21?
20
Let m(w) = w**3 - 2*w**2 - 2*w + 2. Let x(g) = g**2 + 2*g + 1. Let z be x(-3). Let l be m(z). Let p = l - 11. Calculate the remainder when p is divided by 9.
6
Suppose -c + 4*c - 48 = 0. Let a(q) = q**2 + 35*q + 137. Calculate the remainder when a(-36) is divided by c.
13
Let z(f) = -2*f. Let m be z(0). Let x = 19 - 42. Let o = m - x. What is the remainder when o is divided by 13?
10
Let n be (4/(-14))/(1/(-7)). Let v(p) = 5*p**2 + 3*p - 1. Suppose 0 = 5*f - 42 - 3. What is the remainder when v(n) is divided by f?
7
Suppose -386 = -7*w + 76. What is the remainder when 328 is divided by w?
64
Let l(t) = 3*t - 2. Let y be l(6). Let i = 466 - 464. Let c = y - i. What is the remainder when 23 is divided by c?
9
Suppose 39 = 3*p + 3*u - 381, u - 410 = -3*p. What is the remainder when p is divided by 34?
33
Let t = 816 + -799. Calculate the remainder when 402 is divided by t.
11
Let a(k) = -2*k**2 + 18*k + 9. Let x(y) = y**3 - 7*y**2 + 14*y - 2. What is the remainder when a(9) is divided by x(4)?
3
Let g be 2/(-4) + 5/10. Suppose g = v + 6*v - 231. Calculate the remainder when v is divided by 7.
5
Suppose b = -5 + 3. Let y be 260/(-15)*3/b. Suppose -5*t = y - 36. What is the remainder when t is divided by 1?
0
Suppose -2 = -7*b + 6*b. Suppose t - 79 = b*m, 76 = -5*m + 3*m + 4*t. Let n = 81 + m. Calculate the remainder when n is divided by 11.
8
Suppose -5*l - 25 = 0, -3*b - 8*l = -7*l - 694. What is the remainder when b is divided by 12?
5
Let g = 56 + -32. Let m = g - 3. Calculate the remainder when 144 is divided by m.
18
Let m(s) = 17*s**2 - 5*s + 8. Calculate the remainder when 197 is divided by m(2).
65
Suppose p + 6 = 4*g, -5*g = 2*p + 1 - 2. Suppose v + 1 = -17. What is the remainder when (153/v)/(p/12) is divided by 13?
12
Let c = -846 + 862. What is the remainder when 692 is divided by c?
4
Suppose 0*r + r + 2*h = 7, -5*r = -2*h - 23. Suppose -135 = -2*w - w - r*z, -3*z = w - 49. Calculate the remainder when w is divided by 12.
4
Suppose -3*a = -6*a + 9. Suppose -a*z + 3 + 3 = 0, -3*n = -z - 184. Let g = 50 - 34. What is the remainder when n is divided by g?
14
Suppose 10*f + 75 = 5*f. Let h = 3 - f. Let n(a) = 3*a**2 + 4*a + 2. Calculate the remainder when n(-4) is divided by h.
16
Let d(u) = u**2 - 5*u + 6. Suppose -11*m - 4 = -37. What is the remainder when d(5) is divided by m?
0
What is the remainder when 241 is divided by 122/(0 + (-6)/(-3))?
58
Let w(n) = n**2 - 32*n + 279. Calculate the remainder when w(18) is divided by 15.
12
Let q(j) = 24*j**2 + 30*j + 58. What is the remainder when q(-4) is divided by 115?
92
Let b = 880 + -803. Calculate the remainder when 275 is divided by b.
44
Suppose 4*w + 3*g + 49 = 5*w, -2*w = -4*g - 106. Let f(p) = -p**3 + 12*p**2 + 18*p - 44. What is the remainder when w is divided by f(13)?
19
Suppose 4*t = -3*n + 39, -3*n = 3*t - 35 - 1. Suppose 8*y - 34 - 6 = 0. What is the remainder when n is divided by y?
4
Let q(o) = -20*o**2 - 13*o + 78. Let z(p) = 13*p**2 + 9*p - 52. Let x(f) = 5*q(f) + 8*z(f). Calculate the remainder when x(9) is divided by 52.
49
Let b(k) = k**3 + 20*k**2 + 75*k + 5. Calculate the remainder when 75 is divided by b(-15).
0
Let d be (3/4 + 15/(-36))*423. Let s = d - 98. Calculate the remainder when 127 is divided by s.
41
Let z(u) = -u**2 + 10*u - 6. Let v(s) = s - 15. Let i be v(11). Let y = i - -32. Calculate the remainder when y is divided by z(7).
13
Let l(f) = 11*f**2 - f - 9. What is the remainder when l(-3) is divided by 32?
29
Suppose -44*w + 136 = -36*w. What is the remainder when w is divided by 5?
2
Suppose -2*z = -19 - 505. Let t = z + -162. What is the remainder when t is divided by 27?
19
What is the remainder when (-22)/11 - 4 - -323 is divided by 55?
42
Let b(t) = -t**2 - 9*t - 6. Let u be b(-7). Suppose -j = -7 - u. Calculate the remainder when 52 is divided by (-48)/(-20)*j/2.
16
Let r = 38 + -7. Calculate the remainder when r is divided by (18/(-54))/(2/(-66)).
9
Let z(v) = 21*v + 224. Let l(r) = -13*r. Let j(q) = -6*q. Let f(m) = -5*j(m) + 2*l(m). What is the remainder when z(-10) is divided by f(1)?
2
Let i(u) = 4598*u**3 - 190*u**2 - 190*u. Let t(s) = 73*s**3 - 3*s**2 - 3*s. Let l(q) = -3*i(q) + 190*t(q). What is the remainder when l(1) is divided by 26?
24
Let a = 16 + 25. Let v be (-3476)/(-20) + (-1 - (-30)/25). Let h = v + -163. What is the remainder when a is divided by h?
8
Suppose 3*g = -h - 2*g + 90, 3*h - 2*g - 287 = 0. Calculate the remainder when h is divided by 15.
5
Suppose -69 = 11*j - 14*j. What is the remainder when 85 is divided by j?
16
Let q = 75 + -16.